{"id":60,"date":"2026-01-11T18:17:54","date_gmt":"2026-01-11T18:17:54","guid":{"rendered":"http:\/\/laviedunehotwife.com\/?page_id=60"},"modified":"2026-03-30T13:39:16","modified_gmt":"2026-03-30T13:39:16","slug":"chronologie","status":"publish","type":"page","link":"https:\/\/laviedunehotwife.com\/?page_id=60","title":{"rendered":"Chronologie"},"content":{"rendered":"\n<p>Cette page existe pour te guider sur le site. Elle recense mes articles sous 3 grands th\u00e8mes:<\/p>\n\n\n\n<ul class=\"wp-block-list\">\n<li><strong>L&#8217;histoire<\/strong>, qui retrace ma vie, et mes aventures (tous les articles).<\/li>\n\n\n\n<li><strong>Mes r\u00e9flexions, mes introspections<\/strong>, qui m&#8217;ont permises d&#8217;\u00e9voluer sur le plan psychologique.<\/li>\n\n\n\n<li>Et <strong>la m\u00e9thode<\/strong> que je me suis construite pour me r\u00e9v\u00e9ler, et prendre conscience de la femme que je suis.<\/li>\n<\/ul>\n\n\n\n<p>J&#8217;ai \u00e9crit ces articles avec une certaine continuit\u00e9. Lire ces articles dans l&#8217;ordre te permettra de comprendre la femme que je suis et celle que j&#8217;\u00e9tais. Il me semble que lire un article, avant d&#8217;avoir lu les pr\u00e9c\u00e9dents, t&#8217;am\u00e8nera \u00e0 imaginer tout un tas de choses erron\u00e9es sur moi.<\/p>\n\n\n\n<p>Dans tous les cas, je te souhaite beaucoup de plaisir dans ta lecture, et si toi et ton couple n&#8217;\u00eates pas \u00e9panouis sexuellement, j&#8217;esp\u00e8re pouvoir cr\u00e9er une certaine ouverture d&#8217;esprit et une envie de t&#8217;explorer bien davantage.<\/p>\n\n\n\n<h2 class=\"wp-block-heading\">Mon Histoire<\/h2>\n\n\n\n<ul class=\"wp-block-list\">\n<li><a href=\"http:\/\/laviedunehotwife.com\/?p=1\">Mon \u00e9ducation sexuelle<\/a> : Quand les carcans se sont mis en place, d\u00e8s l&#8217;adolescence<\/li>\n\n\n\n<li><a href=\"http:\/\/laviedunehotwife.com\/?p=68\">Mes premi\u00e8res amours<\/a> : Des exp\u00e9riences discr\u00e8tes et d\u00e9cevantes, \u00e0 l&#8217;aube de mes 19 ans.<\/li>\n\n\n\n<li><a href=\"http:\/\/laviedunehotwife.com\/?p=77\">Mon S\u00e9bastien<\/a> : Je rencontre mon futur mari, et je d\u00e9couvre l&#8217;amour et l&#8217;orgasme, timidement.<\/li>\n\n\n\n<li><a href=\"http:\/\/laviedunehotwife.com\/?p=82\">Jeune adulte<\/a> : Nous nous installons, et nous nous enfermons dans une routine sexuelle.<\/li>\n\n\n\n<li><a href=\"http:\/\/laviedunehotwife.com\/?p=88\">Jeune maman<\/a> : Ma vie avance, la complicit\u00e9 avec S\u00e9bastien se renforce, mais aucune avanc\u00e9e sexuelle.<\/li>\n\n\n\n<li><a href=\"http:\/\/laviedunehotwife.com\/?p=93\">Deux rencontres<\/a> : Il se passe quelque chose, mais je ne sais pas quoi exactement, je me questionne.<\/li>\n\n\n\n<li><a href=\"http:\/\/laviedunehotwife.com\/?p=95\">L&#8217;importance de la vie de S\u00e9bastien<\/a> : mon mari a ses petits secrets, je commence \u00e0 me dire que c&#8217;est normal de d\u00e9sirer.<\/li>\n\n\n\n<li><a href=\"http:\/\/laviedunehotwife.com\/?p=97\">Prendre une revanche saine<\/a> : Je tente de m&#8217;ouvrir, de me trouver sexuellement. J&#8217;ai des choses. \u00e0 me prouver.<\/li>\n\n\n\n<li><a href=\"http:\/\/laviedunehotwife.com\/?p=121\">D\u00e9couvrir le d\u00e9sir&#8230; et l&#8217;entretenir<\/a> : J&#8217;essaie de te r\u00e9sumer les petits trucs, que je n&#8217;ai jamais partag\u00e9s \u00e0 qui que ce soit, qui m&#8217;ont permis de me d\u00e9couvrir et de m&#8217;assumer.<\/li>\n\n\n\n<li><a href=\"http:\/\/laviedunehotwife.com\/?p=124\">Construction d&#8217;une HotWife<\/a> : Je rencontre Pierre, une personne de mon entourage professionnel.<\/li>\n\n\n\n<li><a href=\"http:\/\/laviedunehotwife.com\/?p=134\">Bonjour jolie femme<\/a> : Des discussions par messages deviennent ambigu\u00ebs<\/li>\n\n\n\n<li><a href=\"http:\/\/laviedunehotwife.com\/?p=192\">Le premier d\u00e9fi<\/a> : Pierre me propose de jouer, et S\u00e9bastien ne souhaite pas me freiner dans cette d\u00e9couverte.<\/li>\n\n\n\n<li><a href=\"http:\/\/laviedunehotwife.com\/?p=195\">Se prendre au jeu<\/a> : Ce d\u00e9fi nous rapproche avec S\u00e9bastien, et cela nous excite aussi.<\/li>\n\n\n\n<li><a href=\"http:\/\/laviedunehotwife.com\/?p=210\">Papillons<\/a> : Je vais devoir affronter Pierre, et jouer en sa pr\u00e9sence.<\/li>\n\n\n\n<li><a href=\"http:\/\/laviedunehotwife.com\/?p=212\">Compersion<\/a> : Ce que ressent S\u00e9bastien me permet d&#8217;ouvrir le champs des possibles avec les hommes en g\u00e9n\u00e9ral.<\/li>\n\n\n\n<li><a href=\"http:\/\/laviedunehotwife.com\/?p=224\">Touch\u00e9e<\/a> : Le contact physique avec Pierre est de plus en plus intense.<\/li>\n\n\n\n<li><a href=\"http:\/\/laviedunehotwife.com\/?p=240\">Premier orgasme<\/a> : \u00c7a y est, un autre homme que mon mari me provoque un orgasme.<\/li>\n\n\n\n<li><a href=\"http:\/\/laviedunehotwife.com\/?p=243\">Communication<\/a> : Une fois de plus, je discute \u00e9norm\u00e9ment avec S\u00e9bastien, pour que nous soyons s\u00fbrs que nous prenons une direction que nous ne regretterons pas.<\/li>\n\n\n\n<li><a href=\"http:\/\/laviedunehotwife.com\/?p=248\">Le grand saut<\/a> : Ce soir l\u00e0, je couche avec Pierre. Une forme d&#8217;aboutissement d&#8217;un jeu.<\/li>\n\n\n\n<li><a href=\"http:\/\/laviedunehotwife.com\/?p=256\">Se ressourcer<\/a> : En vacances, je suis heureuse et sereine, le bonheur avec ma famille.<\/li>\n\n\n\n<li><a href=\"http:\/\/laviedunehotwife.com\/?p=266\">Nouveau d\u00e9part<\/a> : Je veux avancer avec mon mari, sans &#8220;aide ext\u00e9rieure&#8221;. Cela n\u00e9cessite quelques concessions.<\/li>\n\n\n\n<li><a href=\"http:\/\/laviedunehotwife.com\/?p=275\">Vaincre le quotidien<\/a> : Aucune m\u00e9thode miracle. Mais il faut tenir ses r\u00e9solutions.<\/li>\n<\/ul>\n\n\n\n<h2 class=\"wp-block-heading\">Mes r\u00e9flexions, mes introspections<\/h2>\n\n\n\n<ul class=\"wp-block-list\">\n<li><a href=\"http:\/\/laviedunehotwife.com\/?p=121\">D\u00e9couvrir le d\u00e9sir&#8230; et l&#8217;entretenir<\/a> : J&#8217;essaie de te r\u00e9sumer les petits trucs, que je n&#8217;ai jamais partag\u00e9s \u00e0 qui que ce soit, qui m&#8217;ont permis de me d\u00e9couvrir et de m&#8217;assumer.<\/li>\n<\/ul>\n\n\n\n<h2 class=\"wp-block-heading\">Ma m\u00e9thode<\/h2>\n\n\n\n<p>Les fiches de synth\u00e8se arrivent !<\/p>\n","protected":false},"excerpt":{"rendered":"<p>Cette page existe pour te guider sur le site. Elle recense mes articles sous 3 grands th\u00e8mes: J&#8217;ai \u00e9crit ces articles avec une certaine continuit\u00e9. Lire ces articles dans l&#8217;ordre te permettra de comprendre la femme que je suis et celle que j&#8217;\u00e9tais. Il me semble que lire un article, avant d&#8217;avoir lu les pr\u00e9c\u00e9dents, &hellip;<\/p>\n","protected":false},"author":1,"featured_media":0,"parent":0,"menu_order":0,"comment_status":"closed","ping_status":"closed","template":"","meta":{"footnotes":""},"class_list":["post-60","page","type-page","status-publish","hentry","entry entry-center"],"_links":{"self":[{"href":"https:\/\/laviedunehotwife.com\/index.php?rest_route=\/wp\/v2\/pages\/60","targetHints":{"allow":["GET"]}}],"collection":[{"href":"https:\/\/laviedunehotwife.com\/index.php?rest_route=\/wp\/v2\/pages"}],"about":[{"href":"https:\/\/laviedunehotwife.com\/index.php?rest_route=\/wp\/v2\/types\/page"}],"author":[{"embeddable":true,"href":"https:\/\/laviedunehotwife.com\/index.php?rest_route=\/wp\/v2\/users\/1"}],"replies":[{"embeddable":true,"href":"https:\/\/laviedunehotwife.com\/index.php?rest_route=%2Fwp%2Fv2%2Fcomments&post=60"}],"version-history":[{"count":26,"href":"https:\/\/laviedunehotwife.com\/index.php?rest_route=\/wp\/v2\/pages\/60\/revisions"}],"predecessor-version":[{"id":279,"href":"https:\/\/laviedunehotwife.com\/index.php?rest_route=\/wp\/v2\/pages\/60\/revisions\/279"}],"wp:attachment":[{"href":"https:\/\/laviedunehotwife.com\/index.php?rest_route=%2Fwp%2Fv2%2Fmedia&parent=60"}],"curies":[{"name":"wp","href":"https:\/\/api.w.org\/{rel}","templated":true}]}}